 v - 12. Suppose -3*g = -5*y - 6*g + 15, 5*g = -4*y + 25. Give t(y).
-12
Suppose 2*b + 24 = a + 2*a, 0 = 5*a - 20. Let d(j) = j + 6. Give d(b).
0
Let a(v) = -37*v + 5. Let l(s) = -9*s + 1. Let c be 3*(-2)/(-18)*27. Let q(n) = c*l(n) - 2*a(n). Determine q(1).
-8
Suppose -q - 2*d + 19 = -0, d - 72 = -3*q. Suppose -5*s + 0*s + q = 0. Let t(o) = o**3 - 6*o**2 + 7*o - 2. Determine t(s).
8
Let g(a) = a**3 - 7*a**2 + 2*a. Let r = -138 + 145. Give g(r).
14
Let v(c) = c**2 - 4*c - 3. Let h be 1/(1/6*1). Suppose -3*x + h = -6. What is v(x)?
-3
Suppose -3*g + 1 = -2. Let v(j) = -7*j**3 + j**2 - 2*j + 1. Determine v(g).
-7
Let t(p) = p**2 + 3*p. Suppose 5*h - 5 = 5. Suppose k + h + 7 = 0. Let b = k - -6. Determine t(b).
0
Let b(r) = r + 2. Let d be 3/(-2)*80/(-30). Suppose -11 = d*g - 3. Give b(g).
0
Let a(t) be the second derivative of t**4/12 - 5*t**3/6 - 4*t**2 + t. Let k(o) = o**2 - 5*o - 7. Let j(h) = 2*a(h) - 3*k(h). Give j(5).
5
Let i = -57 - -58. Let h(q) = q**2. Determine h(i).
1
Suppose 12 = 5*l + 2. Let x = l - -1. Let w(f) = 2*f - 2 - 4*f - x. Give w(-5).
5
Let q(z) = -15*z**2 - 9*z + 2. Let x(j) be the first derivative of 5*j**3/3 + 3*j**2/2 - j - 7. Let w(p) = 3*q(p) + 8*x(p). Calculate w(-2).
-16
Suppose 7 = 4*h - 5*s, 11 = 3*h - h + 5*s. Let u = h + 4. Let i = u + -12. Let c(d) = -d**2 - 6*d - 6. Give c(i).
-1
Let n(g) = g**3 - g**2 + g - 8. Let m(f) = f**2 - 3*f + 5. Let w be m(2). Let z be 0 - (12/4 - w). What is n(z)?
-8
Let z(i) = i + 8. Let k be z(0). Suppose 0*v - 4*v + k = 0. Let h = 0 - v. Let r(s) = -3*s**2 - 3*s. Give r(h).
-6
Suppose -3*m = 2*m - 20. Let p(t) = m*t - t - 3 - 2*t. Let n = 1 - -2. Calculate p(n).
0
Let a(p) = -p**2 + 3*p + 5. Let d be (-2)/(-5)*(1 - 11) + 8. Give a(d).
1
Let d(p) be the first derivative of p**4/4 - p**3/3 - 6*p + 1. Determine d(0).
-6
Let k = -1 + 3. Suppose -k*y - 12 = y. Let u(r) = r**2 - r. Let l(t) = t**3 - 5*t**2 + 3*t + 3. Let f(b) = y*u(b) - l(b). Determine f(0).
-3
Let x(c) = -c**3 - 3*c - 4. Let h(a) = -2*a**3 - a**2 - 2*a - 4. Let t(k) = 2*h(k) - 3*x(k). Let l = -5 + 2. Give t(l).
-2
Let p = -42 + 49. Let i(t) = 4*t - 9. Calculate i(p).
19
Let i = -6 + 4. Let m be 2 - 1*(i + 1). Suppose 0 = -2*q + m*q + 3. Let u(d) = d**3 + d**2 - 3*d + 3. Calculate u(q).
-6
Suppose -3*o = -8*o + 55. Let w(q) = -q**3 + 11*q**2 - 2*q + 16. What is w(o)?
-6
Suppose -2*z - 39 = 4*w - 5, 3*w - 5*z + 19 = 0. Let l(i) = i**3 + 7*i**2 - 8*i + 4. What is l(w)?
4
Let r be 2 - (-4 + 0 + 1). Let t(u) = u - 2. Give t(r).
3
Suppose 2*q + 4 = 3*w + 27, 0 = w + 5. Suppose 0 = l + 3*v - 20, 0 = -q*l - 0*v + 3*v + 5. Let r = l + -5. Let b(y) = -y + 4. What is b(r)?
4
Let i(m) = 2*m**2 - 4*m - 2. Let a(w) = -5*w**2 + 7*w + 4. Let p(q) = 4*a(q) + 7*i(q). What is p(2)?
-22
Let m(n) = -n**3 + 5*n**2 - 3*n + 4. Let w(d) = -1. Let x(p) = 3. Let r(z) = -5*w(z) - 2*x(z). Let g(j) = m(j) + 3*r(j). Give g(4).
5
Let w be ((-6)/(-4))/((-2)/(-4)). Let t(j) = 5*j + 3*j**2 - j**w - 2 - 3*j + 2 + 1. Give t(2).
9
Let q = 2 - -1. Let c(h) be the second derivative of h**4/12 + 3*h**2/2 + 3*h. What is c(q)?
12
Let n(z) = -2*z**3 - z**2 - z - 1. Let v be (-5)/(-15)*-2*-36. Let i be (1/3)/((-3)/(-18)). Let g be (-8)/v - i/3. Determine n(g).
1
Suppose -2 = -o + 1. Let b = -8 + 13. Let j(y) = 3*y**o - y + b*y**3 + 1 + y - 2*y. Determine j(1).
7
Let g(d) be the first derivative of 2*d**3/3 + d**2 + d - 5. Give g(-1).
1
Let c = 3 - 0. Let t = 5 - c. Let j(b) = b**3 + 3*b**2 + b - 4 - b**2 + 2*b**t. What is j(-3)?
2
Let u(b) = 3*b**2 - 1 - 4*b**2 - 2*b + 5. Determine u(-3).
1
Let g be 2/(1 - -1) - (-10 - -14). Let h(y) = 2*y + 4. Calculate h(g).
-2
Let j be (-2)/8 + 42/8. Let g(v) = 15*v**3 - 6*v**2 - 4*v. Let s(m) = 14*m**3 - 5*m**2 - 3*m. Let w(n) = j*s(n) - 4*g(n). What is w(1)?
10
Let i(g) be the third derivative of -g**4/3 + g**3/6 + 3*g**2. Let x(u) = -u**3 - u**2 + 3*u + 1. Let b be x(-2). Determine i(b).
9
Let l(g) = 5*g - 1. Suppose 42 = -4*x - 2*v, -2*x = 4*v + 27 + 9. Let y = x - -7. What is l(y)?
-6
Let u(i) be the third derivative of -i**6/120 + i**5/30 + i**4/24 + i**3/2 + 8*i**2. Calculate u(3).
-3
Let d(r) be the first derivative of r**2/2 + 5*r + 15. Give d(0).
5
Let g(i) = 3*i**3 - 2*i**2 + 1. Let j be g(-1). Let z(k) = k**3 - k**2 + k. Let p(f) = -7*f**3 - 11*f - 1. Let h(w) = -p(w) - 6*z(w). Determine h(j).
13
Let y(k) = -7*k**3 + 6*k**2 - 4*k - 5. Let i(s) = 10*s**3 - 9*s**2 + 6*s + 7. Let g(w) = 5*i(w) + 7*y(w). Determine g(2).
0
Suppose 2*q - 38 = -2*k, 3*k = 2*q + 1 - 24. Let g = 12 - q. Let d(f) = 2*f**2 + 7*f + 4. What is d(g)?
8
Let y(f) = f**2 - 6*f + 7. Let q(n) = -24*n. Let l be q(-2). Let k be 4/6 - l/(-9). What is y(k)?
7
Let l(s) = s**2 + s. Let a(q) = 4*q**2 - 3*q - 6. Let m(b) = -a(b) + 3*l(b). What is m(6)?
6
Let k(i) = i**3 + 5*i**2 - 8*i - 9. Let m be k(-6). Let z be (-1)/m + 2/(-3). Let h(d) be the second derivative of -7*d**4/12 - d**3/6 - 2*d. Determine h(z).
-6
Let s(c) = -c**3 + 0*c**2 + 0 - c**2 + 1 - 4*c**2. Let q be (-2)/(-1 - 18/(-20)). Suppose 2*y - 6*y = q. What is s(y)?
1
Let f(u) = -2*u + 1. Let m(a) = 3*a - 20. Let q be m(8). Give f(q).
-7
Suppose -2*k = 2*g - 2, 0*g + 2*k = -g - 2. Let c(a) = -g - 1 - 2*a**3 + 2*a + 2*a**2 + 3. Let w(h) = -h**3 - 3*h**2 + 5*h + 6. Let i be w(-4). Determine c(i).
-6
Let c(j) = -3*j**3 - 4 + j + 2 + 4*j**3 + 1. Let q = 0 - -1. Determine c(q).
1
Let o be 2 - 2 - (-2 + 2). Let h(a) be the third derivative of 0*a + 1/120*a**6 - 1/6*a**3 + 0 + o*a**4 - a**2 + 1/20*a**5. Determine h(-3).
-1
Let i(n) = n**2. Let j = 11 - 12. Determine i(j).
1
Let i(w) = w. Let q = 18 + -21. Calculate i(q).
-3
Let c(l) = -4*l**2 - 3. Suppose -6 = 3*h - 33. Let u(x) = 12 + 3*x**2 + 9*x**2 + x + 5*x**2. Let w(z) = h*c(z) + 2*u(z). Give w(2).
-7
Let o be 15 + (-1 - 1) + -1. Suppose 5*q = 2*q + o. Let i(k) = k**3 - 5*k**2 + 4*k - 3. What is i(q)?
-3
Let l(y) = 6*y - 5. Let k(n) = -7*n + 6. Let z(d) = 4*k(d) + 5*l(d). Let m be -2*(-3)/(-12)*10. Let h = 9 + m. Calculate z(h).
7
Let z(a) = 3*a**2 + 19*a + 3. Let o(l) = -l**2 - 9*l - 1. Let n(w) = 5*o(w) + 2*z(w). Let q = 1 + 0. Suppose 4*b = -18 + 2, -b = y + q. Determine n(y).
-11
Suppose 4*z - 36 = -0*z. Suppose 0*c = 3*c - z. Let w(f) = 2*f - f + c*f + 1. Determine w(-1).
-3
Let a(h) = -h. Let m be a(-2). Let c(o) = -3*o**3 + 4*o**2 - 2*o - 2. Give c(m).
-14
Let z(w) = -w**2 + 2*w - 5. Suppose -2*s - 8 = -3*r + 10, -35 = -5*r + 5*s. Give z(r).
-13
Let w(k) = k**3 + 5*k**2 - 6*k - 4. Let v = -100 + 94. What is w(v)?
-4
Let v(r) be the third derivative of -r**4/24 + 5*r**3/6 + r**2 - 7. Determine v(6).
-1
Let p(f) = f**3 - f**2 + f - 11. Let u(d) = -d**3 - 2*d**2 - 5*d. Let h(x) = -x**3 - 3*x**2 - 5*x. Let q(v) = 4*h(v) - 3*u(v). Let o be q(-5). Give p(o).
-11
Let v(q) = 4*q + 10 - q + q - 5*q**2 - 5*q. Let x(h) = -h**2 + h + 1. Let n(f) = v(f) - 4*x(f). What is n(-6)?
0
Suppose -2*f = f + 12. Let z(b) = -b**3 + 5*b**2 + 6*b + 3. Let d be z(6). Let w(y) = -d*y**2 - 2 + 2*y + 0*y**2 + 4*y**2. What is w(f)?
6
Suppose 3*d - 11 + 2 = 0. Let m(i) be the first derivative of i**4/4 - i**3 + 3*i - 4. Calculate m(d).
3
Let d(s) be the first derivative of 2*s + 2 - 1/2*s**2. What is d(-5)?
7
Let n(o) = -5*o - 5. Let r(c) = 5*c + 4. Let d(m) = 3*n(m) + 4*r(m). Let a(i) = -i**2 + 3*i + 11. Let k be a(5). What is d(k)?
6
Suppose 0*m - 3*m + 4*i + 59 = 0, -26 = -2*m - 4*i. Let n be (m/(-5) - -3)*-20. Let q = n + -12. Let p(l) = 2*l**2 + 6*l + 5. What is p(q)?
13
Let y(r) = -r**2 + 6*r - 3. Let g = 33 - 27. What is y(g)?
-3
Let i(c) = 11*c**3 - 11*c**2 + 2*c - 4. Let r(q) = 5*q**3 - 5*q**2 + q - 2. Let p(z) = -3*i(z) + 7*r(z). Let o = -11 + 6. Let s be 1*-2 + (-1 - o). Give p(s).
8
Let o(n) = -7*n**2 - 3*n - 2. Let p(c) = c**2 + c + 1. Let k(w) = o(w) + 2*p(w). Suppose 4*r - 2*r + 2 = 0. Give k(r).
-4
Let u be ((-4)/(-3) - -2)/((-4)/6). Let d(k) = -k**3 - 6*k**2 - 7*k - 7. Give d(u).
3
Let j(g) = -g**3 - 4*g**2 - 6. Let i = 6 - 3. Let d(x) be the second derivative of x**3/6 - x**2/2 + 2*x. Let h(z) = i*d(z) - j(z). Give h(-3).
3
Let d(q) = -q**2 + 2*q + 3. Let u be d(0). Let t(k) = k**2 + k - 1. Determine t(u).
11
Let h(t) = -t**3 - t**2 + 4*t + 2. Suppose 3*c = c - 14. Let s = c + 4. Determine h(s).
8
Let i be -2 - 0 - 12/(-2). Let w(y) = i + 4*y - 4 -